*s = -4*s + 2*v - f, -3 = -3*v. List the prime factors of s*(-2 + -2) + 2.
2, 3
Let y = -4 + -18. Let i = 47 + y. What are the prime factors of i?
5
What are the prime factors of (-4)/(-16) - (-273)/12?
23
Let g be (1 - -1) + (47 - -1). Suppose z - g = -4*z. What are the prime factors of z?
2, 5
Suppose -4*w + 592 = -2*l, 3*w + 2*l - 290 = w. List the prime factors of w.
3, 7
Suppose 2*i - o - 12 = 43, -3*i = 2*o - 100. Suppose -4*c - 3*b + 83 = -i, -4*b = 5*c - 140. What are the prime factors of c?
2
Suppose -3*s - 4 + 16 = 0. Suppose -s*b = 5*y - 195, -4*y = -b - 26 - 109. What are the prime factors of y?
5, 7
Let a = 5 + -3. Let c = 101 + -70. Suppose -11 = 3*o + 4*i, i + 4*i = a*o - c. What are the prime factors of o?
3
Let t(f) = f**3 - f**2 - f - 1. Let p be t(3). Let b = 20 - p. Let o = -1 + b. What are the prime factors of o?
5
Let a(y) = y**3 - 2*y**2 + y + 2. Let n be a(2). Suppose -2*o + 1 = 3*k, k = n*o - 14 - 9. Let d = k + 11. What are the prime factors of d?
2
Suppose -2*r - t = t - 134, -4*r + t + 248 = 0. What are the prime factors of r?
3, 7
Let s = -6 + 8. Suppose 54 = 5*d + 4*o, -d + s*d - 4*o = 6. What are the prime factors of d?
2, 5
Let w be ((-168)/(-35))/((-1)/(-5)). Suppose -w = -4*s - 4*t, -3*s = 5*t - 9 - 9. Suppose -h + 2*o = -10, -s = 2*o - 0*o. What are the prime factors of h?
2
Let i(v) = v**3 + 3*v**2 - 7*v - 5. Let j be i(-4). Suppose -60 = 3*a - j*a. What are the prime factors of a?
3, 5
Let w(s) = -s**2 - s - 32. Let z be w(0). Suppose -2*d + 3*h = 49, 5*h = -0*d + 3*d + 75. Let x = d - z. List the prime factors of x.
2, 3
Let d(b) = -b**3 + 2*b**2 - 3*b + 1. Let p be d(2). Let q(a) = -a - 10. Let t be q(p). Let z(i) = i + 10. List the prime factors of z(t).
5
Suppose -4*l + 154 = 18. List the prime factors of l.
2, 17
Suppose -4 + 2 = -2*n. List the prime factors of (1 - -11*n) + 0.
2, 3
List the prime factors of (0 - -32) + 6 + -2.
2, 3
Suppose 50 = -d + 3*d - 2*v, 4*d - 3*v - 96 = 0. What are the prime factors of d?
3, 7
Let m(t) = -2*t - 8. Let d be ((-18)/(0 + -3))/(-1). List the prime factors of m(d).
2
Suppose 2*z + 2*z + 5*r - 157 = 0, -4*r = -3*z + 141. Let s = z + -15. List the prime factors of s.
2, 7
Let j = 13 - -4. List the prime factors of j.
17
Suppose 3*x + 2*a = 24, 0*a - a - 27 = -5*x. Suppose -x*j + 8 = -2*j. What are the prime factors of (1 - (-2)/j) + 8?
2, 5
Suppose 5*p - 2*v = -0*p + 125, -2*p + 61 = -3*v. List the prime factors of p.
23
List the prime factors of 3/(-6)*-62 + -1.
2, 3, 5
Let v = 1 + 1. Suppose v*f + 148 = 5*i, 4*i - 147 = -i + 3*f. List the prime factors of i.
2, 3, 5
Suppose 106 = 2*k + 4*x, 2*k = -0*k + 5*x + 115. List the prime factors of k.
5, 11
Let b = 112 + -45. List the prime factors of b.
67
Let w(s) = -s**3 + 2*s**2 + 2*s + 3. Let u be w(3). Suppose -2*v = -u*v. Let j = v - -14. List the prime factors of j.
2, 7
Suppose 3 = -3*i, 3*l + 4*i = -8 + 46. What are the prime factors of 466/l + (-4)/14?
3, 11
Let w be 2/(-6)*(-11 - 1). List the prime factors of (-1 - -3)*82/w.
41
Let a(y) = 11*y + 1. List the prime factors of a(1).
2, 3
Let a = 153 - 102. What are the prime factors of a?
3, 17
Suppose -5*k = -17 + 2. Suppose u + 3*r - 6 = -0*u, -5*u = -k*r + 6. Let j = u + 2. List the prime factors of j.
2
Let v(x) = -x**3 + 5*x**2 + 6*x. Let q be v(6). Let l be 14/(q + -2) - 0. Let i = -4 - l. What are the prime factors of i?
3
Let z(m) = 17 + m**3 - 6*m + 20 - 32 - 7*m**2. What are the prime factors of z(8)?
3, 7
Suppose 179 = 5*j + 4*o, 0*j = -5*j + o + 174. List the prime factors of j.
5, 7
Suppose 0 = u, 2*n + 3*n - 215 = -2*u. What are the prime factors of n?
43
What are the prime factors of (10/(-4))/(6/(-60))?
5
What are the prime factors of (11/(-33))/((-1)/129)?
43
Let h(t) = -8*t - 2. Let d be h(5). Let a = -24 - d. What are the prime factors of a?
2, 3
Let w = -12 + 17. Suppose -w*z = -15 + 5. List the prime factors of z.
2
Let n = -11 + 81. List the prime factors of n.
2, 5, 7
Let z(n) = n**2 + 4*n - 7. Let f be z(3). Suppose -2*w - f = -94. What are the prime factors of w?
2, 5
Let n(o) = o**3 + 5*o**2 + o - 4. Let m be n(-4). Suppose -2*j = -3*j + m. Let w(c) = c**3 - 7*c**2 - 9*c + 11. What are the prime factors of w(j)?
3
Let x(p) = p**3 + 7*p**2 - 8*p + 2. Let g be x(-8). List the prime factors of (1 - g)/(2/(-58)).
29
List the prime factors of 1983/18 - (-1)/(-6).
2, 5, 11
Let x(h) be the second derivative of h**4/12 - h**3 + 7*h**2/2 + 3*h. What are the prime factors of x(6)?
7
Suppose 2*n = 3*a - 28, 2*a + 2*n = -3*n + 44. What are the prime factors of a?
2, 3
Let p(o) be the first derivative of o**3/3 + 2*o**2 + 2*o - 1. What are the prime factors of p(-5)?
7
Suppose -141 = -h + w + 47, -3*h + w = -574. List the prime factors of h.
193
Let b(t) = -8*t + 9. Let i be b(-5). Suppose -2*x + i = -33. What are the prime factors of x?
41
Suppose -3*f + 349 = 3*w - 428, -4*w + 1042 = 2*f. List the prime factors of w.
2, 131
Suppose 78 = 4*p - 78. What are the prime factors of p?
3, 13
Let b = -1 - -1. Let s(q) = 37*q + 1. Let v be s(2). Suppose b = t - 6*t + v. List the prime factors of t.
3, 5
Suppose 3*s - 232 = -76. What are the prime factors of s?
2, 13
Suppose 0 = 3*d - 38 - 1. What are the prime factors of d?
13
Let v(l) = l**3 + l**2 - 4*l - 3. Suppose -7 = -3*c - 4*y + 7, 0 = c - 3*y + 17. Let b be v(c). Suppose 3 = j + b. What are the prime factors of j?
2
Suppose -4*l + 163 = 3*s - 57, 0 = -4*s + 3*l + 310. What are the prime factors of s?
2, 19
Let y(o) = -o. Let d(u) = -4*u. Let r(c) = d(c) - 2*y(c). What are the prime factors of r(-7)?
2, 7
Let k(g) = 131*g**2 - 2*g + 1. List the prime factors of k(1).
2, 5, 13
Let b = 21 + -8. Let n = b - 6. What are the prime factors of (-2)/((n/6)/(-7))?
2, 3
List the prime factors of (-1160)/(-30) - (-8)/6.
2, 5
Let f = 31 - 12. What are the prime factors of f?
19
Suppose -4*a + 56 = -2*a. What are the prime factors of a?
2, 7
Suppose 11 = 5*q - w - 16, 8 = -4*w. Suppose -3*d + 67 = -0*d + v, 0 = d - q*v - 33. Suppose -3*z - b + d = 0, -z - 3*b = 2*b - 17. List the prime factors of z.
7
Let o(m) be the second derivative of m**5/20 + m**3/6 + 3*m**2 + m. Let t be o(0). What are the prime factors of (-220)/(-18) - t/27?
2, 3
Let a be 2 + (-3)/(6/22). Let n = a + -2. Let d = n - -22. List the prime factors of d.
11
Let n(a) = a + 4. Let j be n(-6). Let k = 4 + j. Suppose -k*o - o = -36. What are the prime factors of o?
2, 3
Suppose -2*y + 6 = -5*x - 0*y, 15 = 5*y. Suppose -39 = -x*o - 3*o. Suppose -3*t + 55 = o. List the prime factors of t.
2, 7
Let x(f) = 5*f**2 - f + 14. What are the prime factors of x(-4)?
2, 7
Suppose -2*z - 1 = 7. Let a(k) = -2*k + 5. List the prime factors of a(z).
13
Let w(z) = -z**2 + 0*z**3 - 3*z**2 - 4*z - z**3. Let g be w(-3). Suppose -2*c + 7*o = g*o - 18, 0 = -5*o. List the prime factors of c.
3
Let b(u) = u**2 + 14*u + 9. Let w be b(-13). Let o = 11 + w. What are the prime factors of o?
7
Let m = 6 + -3. List the prime factors of m.
3
Let t(y) be the second derivative of y**4/3 + y**2/2 - 2*y. Let u be t(2). Let m = 25 - u. What are the prime factors of m?
2
Let q be (-30)/25*(-130)/(-3). Let c = -35 - q. List the prime factors of c.
17
Suppose 22 = b - 15. Let v = 28 - 10. Let d = b - v. List the prime factors of d.
19
Let x be 11/(-2)*4/(-2). Let d = 2 + x. List the prime factors of d.
13
What are the prime factors of ((-504)/(-27))/(1/6)?
2, 7
Suppose -2*x + 10 = 5*g - 3*x, g - 5*x + 22 = 0. Let u be (0 + 15)*(g - -2). Suppose k - 6*k - u = -5*v, 2*v = 5*k + 42. List the prime factors of v.
11
Let o = -14 + 14. Suppose o = -2*n + 5 + 7. What are the prime factors of n?
2, 3
Let a(w) = 10*w**2 - 3 - 3 - 17*w + w**3 - 7 + 2. What are the prime factors of a(-11)?
5, 11
Let j be 6/3 - (-64)/(-2). Suppose -12 = u - 4*f, f = 3*u - 2*u + 18. Let c = u - j. List the prime factors of c.
2, 5
Suppose v = 4*a - 3 - 2, 0 = 3*a + 2*v - 1. Let n = 9 + a. What are the prime factors of n?
2, 5
What are the prime factors of (-1)/((-5)/(-25))*-29?
5, 29
Let s be (30/(-12))/((-1)/2). Suppose -21 = -s*i - m, i - 5*m + 21 = 5*i. What are the prime factors of i?
2
Suppose -2*z + 21 = 3*l - 14, 3*z + 6 = 2*l. What are the prime factors of l?
3
Let j(i) = 5*i**2 + 2*i - 1. Let p be 3/2*(-4